+ s. Suppose n = q + 23. Is q composite?
False
Let f be (-4)/14 - 137064/(-14). Suppose -12*o = -2*o - f. Is o composite?
True
Let j(b) = b**2 + 5*b - 1. Let p be j(-6). Suppose p*x = -3*c + 29, -2*c - 2*x - 3 = -17. Suppose 25 + 17 = c*y. Is y prime?
False
Suppose -10*h = -366772 - 671618. Is h a prime number?
False
Let k = 0 + 360. Suppose 0 = 4*i - 2*x - k, 2*x + x = -4*i + 370. Is i prime?
False
Suppose -1730 = -6*v + 754. Suppose -3*w - 3*w + v = 0. Is w a prime number?
False
Let m = 0 - 9. Let b(y) = 18*y**2 + 8*y + 15. Is b(m) composite?
True
Let r = -17259 - -42416. Is r composite?
True
Let j(d) = -d + 8. Let g be j(5). Suppose 5*w - 6 = g*r - 36, 2*w + 10 = r. Suppose 5*k - r = 0, 3*k = -5*c + 390 + 51. Is c a composite number?
True
Suppose -t - 1110 = -0*t. Let d be 1 - (-7)/((-14)/(-8)). Is (3/(-6))/(d/t) composite?
True
Suppose 55*r - 1602483 = -38*r. Is r a composite number?
False
Let h = 22133 + -7536. Is h prime?
False
Let g(y) = 1 - y**2 - 4 + 2*y**2 + 1 - 3*y. Let m be g(3). Is ((-107*10)/m)/1 a composite number?
True
Suppose 3*y - 4*w - 3259 - 4038 = 0, 5*y - 12183 = -4*w. Is y prime?
False
Let y(r) = 1219*r**2 - 2. Let s be (-2)/17 + (-76)/(-68). Is y(s) prime?
True
Let n = -79 + 47. Is (232/n)/(1/(-92) + 0) prime?
False
Is 2258/9 - ((-4)/9)/4 a composite number?
False
Let a = -9043 + 15110. Is a composite?
False
Let i(v) = 19*v**2 - 17*v**2 - 5 + 25*v**2 - 8*v + 1. Is i(5) a composite number?
False
Let y(q) = -20*q - 2. Let g = 5 + -1. Let h be y(g). Let w = h + 119. Is w a composite number?
False
Let g(z) = z + 9. Let s be g(-3). Suppose s*t = 5*t. Suppose t*d = 4*d - 220. Is d composite?
True
Let d = 836 - 555. Suppose g + 37 = p - d, -5*p + 1611 = 2*g. Is p composite?
True
Let u be (3/((-15)/295))/(2/(-34)). Suppose 5*j = 1432 + u. Is j a composite number?
False
Let o be 3/(1/((-10)/(-15))). Let l = 25 - o. Is l prime?
True
Let j(a) = -a**2 - 10*a + 6. Let t be j(-11). Let y(g) = -69*g + 3. Let u be y(t). Let p = u + -143. Is p prime?
False
Let p = -464 - -975. Is p a prime number?
False
Suppose -12*i = -14*i. Suppose -4*v + 5*v - 250 = i. Suppose -v = -2*o + 186. Is o a prime number?
False
Suppose p = -4*g - 178, 2*p + 2*p = -g - 667. Let y = -82 - p. Let u = -5 + y. Is u composite?
False
Suppose 0 = -3*i + 7 + 11. Suppose -10*z = -i*z - 1200. Let n = -205 + z. Is n prime?
False
Let d(q) = -5*q**3 + 3*q**2 + 9*q + 2. Let i be d(-5). Let r be (-3666)/2*2/(-6). Suppose 4*j - i = r. Is j a prime number?
True
Suppose -4*n - 266 = -78. Let h(s) = -s**3 + 11*s**2 + 2*s. Let j be h(9). Let b = n + j. Is b composite?
True
Let u = 76 - 81. Let i(y) = -4*y + 8*y**2 + 3 + 5*y**2 - 11. Is i(u) a composite number?
False
Suppose -i = -3, 0 = -2*f - 4*i + 11 + 19. Suppose -f*h - 3*h = -8364. Is h a prime number?
False
Let c(q) = -q**2 + 15*q + 2. Let m(b) = -3*b - 4 - 3 + 4 - 6. Let u be m(-7). Is c(u) prime?
False
Let c(l) = -4*l**3 + 3*l**2 + 6*l + 4. Let r be c(-4). Suppose -2*i - 252 = 4*d + r, -2*d + 2*i - 268 = 0. Let v = 11 - d. Is v a prime number?
False
Let m be (8 + 2 + -2)*1. Let l(f) = 2*f**2 - 13*f + 13. Is l(m) composite?
False
Let a(x) = 201*x - 355. Is a(38) composite?
False
Suppose 2*m = r - 27499, 5*r + 13*m - 12*m = 137495. Is r prime?
False
Let v(p) = 5*p**3 - 54*p**2 - 18*p - 116. Is v(17) composite?
False
Suppose -4*w = -5*j + 212 + 80, -j = 5*w - 41. Suppose 0 = -52*m + j*m - 956. Is m prime?
True
Let i(o) = 2*o**2 - 2*o + 23. Let x(l) = l + 19. Let k be x(-19). Is i(k) composite?
False
Suppose -4*z - 2597440 = -68*z. Is z a composite number?
True
Suppose 44 = 4*s - 0*s. Let f = s + -11. Suppose f = g - 3*g + 242. Is g a composite number?
True
Let o(v) = -6*v**2 + v + 3. Let u be o(-3). Let t(g) = g**3 - 4*g**2 - 3*g - 13. Let l be t(7). Let a = l + u. Is a a prime number?
True
Let x(m) = 31*m + 4. Suppose -5*u + 7 = -4*u. Let v be x(u). Suppose -v = -3*a + 52. Is a a prime number?
False
Suppose 3*d = 5*d + 4. Let i(n) = -319*n - 7. Is i(d) composite?
False
Let m be 24/(-18)*(-36)/8. Is ((-222)/9)/((-4)/m) prime?
True
Suppose b + 1710 = h, -4*h + 2*h + 3418 = -4*b. Is h a prime number?
False
Suppose -10 = -w - 4*w, 2104 = 2*v + 5*w. Is v a composite number?
True
Suppose -7*i = -1035 + 167. Suppose -m + i = 3*l - 4*l, 0 = -2*m + 3*l + 245. Is m composite?
False
Let h(a) = -a**3 + 10*a**2 + 11*a. Let x be h(11). Let s(q) = -q + 5. Let g be s(x). Suppose 0 = g*i + 761 - 3666. Is i a composite number?
True
Suppose 885 + 22018 = o + 3*z, -5*o + 114459 = z. Is o a composite number?
True
Let b(i) = 23*i**2 - 3*i - 22*i**2 - 4 + 0. Let r(p) = -4*p**2 + 8*p + 11. Let f(u) = -8*b(u) - 3*r(u). Is f(-6) a prime number?
False
Let t(c) = -508*c - 169. Is t(-15) prime?
True
Suppose -17*t = -47116 - 16124. Suppose -f - 4*d + 725 = 0, 3*d + t = 5*f + 4*d. Is f a composite number?
True
Suppose 0*y = -6*y + 1746. Suppose -2*i + 3*i - y = 0. Is i a composite number?
True
Let g(u) = -542*u - 81. Is g(-14) composite?
False
Let h = 1642 + -1098. Suppose -h - 656 = 5*d. Let q = -129 - d. Is q a composite number?
True
Let s = 15310 - 8771. Is s prime?
False
Is 7/((-42)/(-6)) + 85834 prime?
False
Let p(s) = 17772*s + 275. Is p(5) a prime number?
False
Suppose 4*i - 100625 = -3*y, -3*i - 11*y = -14*y - 75474. Is i prime?
False
Let s(m) = m**3 - 7*m**2 + 10*m - 19. Let g be s(5). Is (g/(-2))/(-4 + (-850)/(-212)) a prime number?
False
Let s = -748 - -2456. Let c = s - -249. Is c prime?
False
Let r be (-6)/(-5)*(-10)/(-3). Suppose x = 4*x - r*g - 785, 3*x - 770 = g. Suppose 4*l - x = 181. Is l a prime number?
True
Let l(g) = 24*g**2 - 128*g + 101. Is l(41) a composite number?
True
Let f = -20 + 22. Suppose 2*j = -f, -4*c = 2*j - 6606 - 420. Is c composite?
True
Let w = 1 + -10. Let g be (-12)/w*27/12. Suppose -4*v - b + 572 = -g*b, -v + 150 = -4*b. Is v a prime number?
False
Let n(a) = 45*a**2 + 24*a - 23. Is n(15) prime?
False
Is 3771/15 + -6*(-7)/(-105) prime?
True
Suppose 5*a + 6 = -2*j, 5*j = -2*a + 3 + 3. Suppose i - j*m = 405, -4*m + 9 = i - 408. Is i a prime number?
True
Suppose 0 = 3*y - 5 - 1. Is (-115)/(-1)*y/5 a prime number?
False
Suppose d = 5*d + 20. Let b(a) = 3*a. Let r(k) = -39*k - 5. Let t(h) = 3*b(h) + r(h). Is t(d) prime?
False
Suppose 0 = 5*l + 50 - 145. Suppose l*q = 20*q - 118. Is q composite?
True
Let m(y) = -14*y**3 + 350*y**2 - 14*y + 11. Is m(17) composite?
False
Suppose -m + 8*m - 6349 = 0. Is m composite?
False
Let v(r) = 40*r + 11. Let a(o) = o**3 + 14*o**2 + 13*o + 3. Let s be a(-13). Suppose -17 = -4*n + s. Is v(n) prime?
True
Suppose -3*i + 48 = -8*i - 3*d, 2*i + 4*d + 8 = 0. Let v(o) = 3*o**2 + 14*o - 1. Is v(i) a prime number?
True
Let r(z) = -z**3 - 11*z**2 - 6*z - 5. Suppose 3*b = 5*n + 48 + 3, -36 = 4*n - 4*b. Is r(n) prime?
True
Let n(w) = 3*w**3 - 27*w**2 + 12*w + 71. Is n(12) prime?
True
Is -4 - (-5279 + 2 + 4) composite?
True
Let j be -36*(-26 - (-2)/2). Let l = -593 + j. Is l prime?
True
Let b be (18/(-10))/(5/(-25)). Let s = b - -206. Is s a prime number?
False
Let o(q) = 20*q + 1. Let i(c) = -81*c - 5. Let m be 8/5 + (-2)/(-5). Let g(t) = m*i(t) + 9*o(t). Is g(2) composite?
True
Let x(k) = k**2 - 13*k + 22. Let h be x(10). Is ((-398)/h - (-5 - -8))*4 prime?
False
Is (-3 - -4)/2 - 8037/(-2) a composite number?
False
Is (7/2 - 4)*-12 - -1557 composite?
True
Let h(m) = -m**3 + m**2 + m - 3. Let b be h(-2). Is (-21)/b*(-330 + -1) prime?
False
Suppose -8 - 14 = -2*w. Suppose -w*l + 7*l + 20 = 0. Suppose -50 = -4*j + 5*f + 16, -j = -l*f - 9. Is j prime?
True
Let u be (-1*1)/1*-127. Let b(q) = -q + 50. Let n be b(-22). Let j = u - n. Is j a prime number?
False
Let t(d) = d**3 - 21*d**2 + 45*d - 43. Let q be t(18). Let v = q + 1926. Is v prime?
True
Let i(u) = 3*u**3 - 16*u**2 + 26*u - 1. Let x be i(11). Suppose 0 = -3*q, 3*q + x = 3*j - j. Is j prime?
True
Let u(q) = 71*q + 13*q + 91*q. Let v be u(4). Suppose -5*w + v = -1885. Is w a composite number?
True
Let a be ((-15)/(-3))/(10/8). Suppose -s + 4*c - 2034 = -3*s, -4088 = -4*s - a*c. Is s a prime number?
False
Suppose 70 = h - 0*h. Let a = h - -140. Suppose -430 = -4*t - 4*g + a, -3 = g. Is t composite?
False
Let g be 16/3*(-9)/(-4). Let y = 15 - g. Suppose 6*u - 147 = y*u. Is u composite?
True
Let w(k) be the first derivative of k**4/4 + k**3/3 